{"id":8,"date":"2007-02-17T18:11:52","date_gmt":"2007-02-17T17:11:52","guid":{"rendered":"http:\/\/www.verkehrsrecht-professionell.de\/?page_id=8"},"modified":"2019-09-09T20:44:36","modified_gmt":"2019-09-09T18:44:36","slug":"kurt-schulte-herbruggen","status":"publish","type":"page","link":"https:\/\/www.verkehrsrecht-professionell.de\/?page_id=8","title":{"rendered":"Kurt Schulte Herbr\u00fcggen   bis 2019"},"content":{"rendered":"\n<p><\/p>\n\n\n\n<p>verstorben im\u00a0Mai 2019<\/p>\n\n\n\n<p><\/p>\n\n\n<p>Ich bin am am 29.01.1951 in Duisburg als Sohn des Apothekers Kurt Schulte Herbr\u00fcggen und seiner Ehefrau Marianne, geb. M\u00e4rzheuser, geboren. 1969 habe ich am Steinbart-Gymnasium Abitur gemacht.<\/p>\n<p>Nach dem Abitur habe ich von 1969 bis 1975 in Freiburg\/Breisgau und Genf Jura studiert, anschlie\u00dfend Referendarszeit beim Landgericht Duisburg.<\/p>\n<p>Seit 1979 bin ich Rechtsanwalt in Duisburg, zun\u00e4chst als Juniorpartner in einer gr\u00f6\u00dferen Kanzlei in Duisburg-Stadtmitte, 1985 habe ich mich in Duisburg-Wanheimerort selbstst\u00e4ndig gemacht..<\/p>\n<p>Seit 1998 bin ich  <strong>Fachanwalt f\u00fcr Familienrecht<\/strong>, nachdem von Anfang mein Schwerpunkt auf diesem Gebiet lag. Daneben mache ich noch in wesentlichem Umfang Verkehrsrecht f\u00fcr eine gro\u00dfe deutsche Versicherung und bearbeite Inkassoangelegenheiten von Firmen und Selbstst\u00e4ndigen.<\/p>\n<p>Seit 2002 bin ich auch beim Oberlandesgericht D\u00fcsseldorf zugelassen. Dies bedeutet f\u00fcr Sie, dass durch mich eine Vertretung vor allen Oberlandesgerichten der Bundesrepublik Deutschland erfolgen kann.<\/p>\n<p>Ich f\u00fchre ein <a href=\"http:\/\/www.law-and-disorder.de\/\">Web-Tagebuch<\/a>, in dem ich mich mit juristischen und beruflichen Fragen besch\u00e4ftige.<\/p>\n<p>Seit 2004 <strong>Mediator <\/strong>(VHS) und damit ausgewiesener Spezialist f\u00fcr Konfliktl\u00f6sung. Wenn Sie mehr zum Thema Mediation wissen, wollen, besuchen Sie bitte meine <a href=\"http:\/\/www.mediation-professionell.de\/\">Site<\/a>.<\/p>\n<p>Politisch engagiere ich mich in der FDP Duisburg. Ich bin f\u00fcr die FDP Mitglied in der <strong>Bezirksvertretung Mitte <\/strong>der Stadt Duisburg. Wenn Sie sich f\u00fcr meine politische Arbeit interessieren, lesen Sie  <a href=\"http:\/\/www.liblab.de\/\">hier<\/a>.<\/p>\n<p>Meine Kontaktdaten:<\/p>\n<p>Rechtsanwalt<br>\nKurt Schulte Herbr\u00fcggen<br>\nM\u00fcnchener Stra\u00dfe 78<br>\n47249 Duisburg-Buchholz<br>\nTel. (02 03)  77 27 97<br>\nFax: (02 03) 77 59 02<br>\n<a href=\"mailto:ksh@recht-professionell.de\">ksh@recht-professionell.de<\/a><\/p>","protected":false},"excerpt":{"rendered":"<p>verstorben im\u00a0Mai 2019 Ich bin am am 29.01.1951 in Duisburg als Sohn des Apothekers Kurt Schulte Herbr\u00fcggen und seiner Ehefrau Marianne, geb. M\u00e4rzheuser, geboren. 1969 habe ich am Steinbart-Gymnasium Abitur gemacht. Nach dem Abitur habe ich von 1969 bis 1975 in Freiburg\/Breisgau und Genf Jura studiert, anschlie\u00dfend Referendarszeit beim Landgericht Duisburg. Seit 1979 bin ich [&hellip;]<\/p>\n","protected":false},"author":1,"featured_media":0,"parent":0,"menu_order":0,"comment_status":"open","ping_status":"open","template":"","meta":{"footnotes":""},"class_list":["post-8","page","type-page","status-publish","hentry"],"aioseo_notices":[],"_links":{"self":[{"href":"https:\/\/www.verkehrsrecht-professionell.de\/index.php?rest_route=\/wp\/v2\/pages\/8","targetHints":{"allow":["GET"]}}],"collection":[{"href":"https:\/\/www.verkehrsrecht-professionell.de\/index.php?rest_route=\/wp\/v2\/pages"}],"about":[{"href":"https:\/\/www.verkehrsrecht-professionell.de\/index.php?rest_route=\/wp\/v2\/types\/page"}],"author":[{"embeddable":true,"href":"https:\/\/www.verkehrsrecht-professionell.de\/index.php?rest_route=\/wp\/v2\/users\/1"}],"replies":[{"embeddable":true,"href":"https:\/\/www.verkehrsrecht-professionell.de\/index.php?rest_route=%2Fwp%2Fv2%2Fcomments&post=8"}],"version-history":[{"count":2,"href":"https:\/\/www.verkehrsrecht-professionell.de\/index.php?rest_route=\/wp\/v2\/pages\/8\/revisions"}],"predecessor-version":[{"id":180,"href":"https:\/\/www.verkehrsrecht-professionell.de\/index.php?rest_route=\/wp\/v2\/pages\/8\/revisions\/180"}],"wp:attachment":[{"href":"https:\/\/www.verkehrsrecht-professionell.de\/index.php?rest_route=%2Fwp%2Fv2%2Fmedia&parent=8"}],"curies":[{"name":"wp","href":"https:\/\/api.w.org\/{rel}","templated":true}]}}